{"id":15357,"date":"2025-03-27T15:14:23","date_gmt":"2025-03-27T14:14:23","guid":{"rendered":"https:\/\/aref-rvsf.ch\/?page_id=15357"},"modified":"2025-03-27T15:59:34","modified_gmt":"2025-03-27T14:59:34","slug":"agenda-2025","status":"publish","type":"page","link":"https:\/\/aref-rvsf.ch\/fr\/agenda-2025\/","title":{"rendered":"Agenda 2025"},"content":{"rendered":"<p>[et_pb_section fb_built=\u00a0\u00bb1&Prime; admin_label=\u00a0\u00bbsection\u00a0\u00bb _builder_version=\u00a0\u00bb4.16&Prime; min_height=\u00a0\u00bb785.5px\u00a0\u00bb global_colors_info=\u00a0\u00bb{}\u00a0\u00bb][et_pb_row admin_label=\u00a0\u00bbrow\u00a0\u00bb _builder_version=\u00a0\u00bb4.16&Prime; background_size=\u00a0\u00bbinitial\u00a0\u00bb background_position=\u00a0\u00bbtop_left\u00a0\u00bb background_repeat=\u00a0\u00bbrepeat\u00a0\u00bb global_colors_info=\u00a0\u00bb{}\u00a0\u00bb][et_pb_column type=\u00a0\u00bb4_4&Prime; _builder_version=\u00a0\u00bb4.16&Prime; custom_padding=\u00a0\u00bb|||\u00a0\u00bb global_colors_info=\u00a0\u00bb{}\u00a0\u00bb custom_padding__hover=\u00a0\u00bb|||\u00a0\u00bb][et_pb_text _builder_version=\u00a0\u00bb4.27.0&Prime; _module_preset=\u00a0\u00bbdefault\u00a0\u00bb text_text_color=\u00a0\u00bb#0C71C3&Prime; text_font_size=\u00a0\u00bb18px\u00a0\u00bb global_colors_info=\u00a0\u00bb{}\u00a0\u00bb]<\/p>\n<h2><strong>Agenda 2025<\/strong><\/h2>\n<p>[\/et_pb_text][et_pb_text _builder_version=\u00a0\u00bb4.27.0&Prime; _module_preset=\u00a0\u00bbdefault\u00a0\u00bb text_font_size=\u00a0\u00bb18px\u00a0\u00bb hover_enabled=\u00a0\u00bb0&Prime; global_colors_info=\u00a0\u00bb{}\u00a0\u00bb sticky_enabled=\u00a0\u00bb0&Prime;]<\/p>\n<p><strong>Match aux cartes : <\/strong>23 avril 2025<\/p>\n<p><strong>Match aux cartes : <\/strong>21 mai 2025<\/p>\n<p><strong>Assembl\u00e9e g\u00e9n\u00e9rale : <\/strong>mercredi 28 mai 2025<\/p>\n<p><strong>Match aux cartes : <\/strong>25 juin 2025<\/p>\n<p><strong>Match aux cartes : <\/strong>23 juillet 2025<\/p>\n<p><strong>Pique-Nique : <\/strong>mercredi 6 ao\u00fbt 2025<\/p>\n<p><strong>Course annuelle :<\/strong> jeudi 11 septembre 2025<strong><\/strong><\/p>\n<p><strong>Repas de No\u00ebl<\/strong> : mardi 2 d\u00e9cembre 2025<\/p>\n<p>&nbsp;<\/p>\n<p>[\/et_pb_text][\/et_pb_column][\/et_pb_row][\/et_pb_section]<\/p>\n","protected":false},"excerpt":{"rendered":"<p>Agenda 2025Match aux cartes : 23 avril 2025 Match aux cartes : 21 mai 2025 Assembl\u00e9e g\u00e9n\u00e9rale : mercredi 28 mai 2025 Match aux cartes : 25 juin 2025 Match aux cartes : 23 juillet 2025 Pique-Nique : mercredi 6 ao\u00fbt 2025 Course annuelle : jeudi 11 septembre 2025 Repas de No\u00ebl : mardi 2 [&hellip;]<\/p>\n","protected":false},"author":2,"featured_media":0,"parent":0,"menu_order":0,"comment_status":"closed","ping_status":"closed","template":"","meta":{"_et_pb_use_builder":"on","_et_pb_old_content":"<div class=\"et_pb_module et_pb_text et_pb_text_2 et_pb_text_align_left et_pb_bg_layout_light\">\r\n<div class=\"et_pb_text_inner\">\r\n<h1><a style=\"font-size: 14px;\" href=\"https:\/\/aref-rvsf.ch\/fr\/match-aux-cartes\/\" target=\"_blank\" rel=\"noopener\">Match aux cartes<\/a><\/h1>\r\n<\/div>\r\n<\/div>\r\n<div class=\"et_pb_module et_pb_text et_pb_text_3 et_pb_text_align_left et_pb_bg_layout_light\">\r\n<div class=\"et_pb_text_inner\">\r\n\r\nMercredi 17 janvier 2024\r\nMercredi 21 f\u00e9vrier 2024\r\nMercredi 13 mars 2024\r\nMercredi 17 avril 2024\r\nMercredi 15 mai 2024\r\nMercredi 19 juin 2024\r\n\r\n<\/div>\r\n<\/div>\r\n<div class=\"et_pb_module et_pb_text et_pb_text_4 et_pb_text_align_left et_pb_bg_layout_light\">\r\n<div class=\"et_pb_text_inner\">\r\n\r\nMercredi\u00a0 5 juin 2024 : Assembl\u00e9e g\u00e9n\u00e9rale\r\n\r\nMercredi\u00a0 7 ao\u00fbt 2024 : Pique-nique\r\n\r\nMercredi 11 septembre 2024 : Sortie annuelle\r\n\r\n<\/div>\r\n<\/div>","_et_gb_content_width":"","footnotes":""},"class_list":["post-15357","page","type-page","status-publish","hentry"],"_links":{"self":[{"href":"https:\/\/aref-rvsf.ch\/fr\/wp-json\/wp\/v2\/pages\/15357"}],"collection":[{"href":"https:\/\/aref-rvsf.ch\/fr\/wp-json\/wp\/v2\/pages"}],"about":[{"href":"https:\/\/aref-rvsf.ch\/fr\/wp-json\/wp\/v2\/types\/page"}],"author":[{"embeddable":true,"href":"https:\/\/aref-rvsf.ch\/fr\/wp-json\/wp\/v2\/users\/2"}],"replies":[{"embeddable":true,"href":"https:\/\/aref-rvsf.ch\/fr\/wp-json\/wp\/v2\/comments?post=15357"}],"version-history":[{"count":22,"href":"https:\/\/aref-rvsf.ch\/fr\/wp-json\/wp\/v2\/pages\/15357\/revisions"}],"predecessor-version":[{"id":18923,"href":"https:\/\/aref-rvsf.ch\/fr\/wp-json\/wp\/v2\/pages\/15357\/revisions\/18923"}],"wp:attachment":[{"href":"https:\/\/aref-rvsf.ch\/fr\/wp-json\/wp\/v2\/media?parent=15357"}],"curies":[{"name":"wp","href":"https:\/\/api.w.org\/{rel}","templated":true}]}}

<p>[et_pb_section fb_built= »1&Prime; admin_label= »section » _builder_version= »4.16&Prime; min_height= »785.5px » global_colors_info= »{} »][et_pb_row admin_label= »row » _builder_version= »4.16&Prime; background_size= »initial » background_position= »top_left » background_repeat= »repeat » global_colors_info= »{} »][et_pb_column type= »4_4&Prime; _builder_version= »4.16&Prime; custom_padding= »||| » global_colors_info= »{} » custom_padding__hover= »||| »][et_pb_text _builder_version= »4.27.0&Prime; _module_preset= »default » text_text_color= »#0C71C3&Prime; text_font_size= »18px » global_colors_info= »{} »]</p>
<h2><strong>Agenda 2025</strong></h2>
<p>[/et_pb_text][et_pb_text _builder_version= »4.27.0&Prime; _module_preset= »default » text_font_size= »18px » hover_enabled= »0&Prime; global_colors_info= »{} » sticky_enabled= »0&Prime;]</p>
<p><strong>Match aux cartes : </strong>23 avril 2025</p>
<p><strong>Match aux cartes : </strong>21 mai 2025</p>
<p><strong>Assemblée générale : </strong>mercredi 28 mai 2025</p>
<p><strong>Match aux cartes : </strong>25 juin 2025</p>
<p><strong>Match aux cartes : </strong>23 juillet 2025</p>
<p><strong>Pique-Nique : </strong>mercredi 6 août 2025</p>
<p><strong>Course annuelle :</strong> jeudi 11 septembre 2025<strong></strong></p>
<p><strong>Repas de Noël</strong> : mardi 2 décembre 2025</p>
<p>&nbsp;</p>
<p>[/et_pb_text][/et_pb_column][/et_pb_row][/et_pb_section]</p>

<p>Agenda 2025Match aux cartes : 23 avril 2025 Match aux cartes : 21 mai 2025 Assemblée générale : mercredi 28 mai 2025 Match aux cartes : 25 juin 2025 Match aux cartes : 23 juillet 2025 Pique-Nique : mercredi 6 août 2025 Course annuelle : jeudi 11 septembre 2025 Repas de Noël : mardi 2 [&hellip;]</p>

<div class="et_pb_module et_pb_text et_pb_text_2 et_pb_text_align_left et_pb_bg_layout_light">
<div class="et_pb_text_inner">
<h1><a style="font-size: 14px;" href="https://aref-rvsf.ch/fr/match-aux-cartes/" target="_blank" rel="noopener">Match aux cartes</a></h1>
</div>
</div>
<div class="et_pb_module et_pb_text et_pb_text_3 et_pb_text_align_left et_pb_bg_layout_light">
<div class="et_pb_text_inner">

Mercredi 17 janvier 2024
Mercredi 21 février 2024
Mercredi 13 mars 2024
Mercredi 17 avril 2024
Mercredi 15 mai 2024
Mercredi 19 juin 2024

</div>
</div>
<div class="et_pb_module et_pb_text et_pb_text_4 et_pb_text_align_left et_pb_bg_layout_light">
<div class="et_pb_text_inner">

Mercredi  5 juin 2024 : Assemblée générale

Mercredi  7 août 2024 : Pique-nique

Mercredi 11 septembre 2024 : Sortie annuelle

</div>
</div>
